divisor of 62405 and 1032357?
1783
What is the greatest common factor of 3635621 and 938?
67
What is the greatest common divisor of 50850316 and 16?
4
What is the highest common divisor of 17 and 6488352107?
17
Calculate the greatest common divisor of 26950 and 44350.
50
Calculate the greatest common divisor of 96 and 2529984.
96
Calculate the highest common divisor of 4686 and 635734.
1562
Calculate the greatest common factor of 9 and 24907500.
9
What is the greatest common factor of 60764529 and 606?
303
What is the greatest common factor of 35076 and 73474740?
948
Calculate the highest common factor of 702 and 380172.
78
What is the greatest common factor of 83889960 and 420?
420
Calculate the highest common factor of 270 and 4405455.
135
What is the greatest common factor of 105307 and 9230281?
2449
What is the greatest common factor of 80307 and 24408?
9
Calculate the highest common divisor of 236619386 and 1028.
514
What is the greatest common factor of 79264848 and 75355?
2153
Calculate the highest common divisor of 55604449 and 173.
173
What is the greatest common factor of 2038318 and 69730?
734
What is the highest common factor of 34 and 15127569?
17
Calculate the greatest common divisor of 7408819 and 803.
11
Calculate the highest common divisor of 228 and 3333664.
76
Calculate the highest common divisor of 5550 and 320404275.
2775
What is the highest common divisor of 70401800 and 1050?
350
What is the greatest common factor of 2189964 and 21266?
434
What is the highest common divisor of 506436 and 3234?
42
What is the greatest common divisor of 74943562 and 66310?
13262
What is the highest common divisor of 14752 and 1336900?
1844
Calculate the highest common factor of 179744009 and 3553.
323
What is the highest common factor of 7661 and 297181?
47
What is the greatest common divisor of 21461725 and 4399?
83
Calculate the greatest common factor of 32098 and 147097839.
1459
What is the greatest common factor of 193959 and 153801?
207
Calculate the highest common factor of 279446 and 95948.
34
Calculate the greatest common divisor of 6868458 and 2294.
74
What is the highest common factor of 938163 and 2193189?
6213
What is the greatest common divisor of 7988 and 5776?
4
What is the greatest common divisor of 197 and 1299215?
197
What is the highest common divisor of 122357096 and 17696?
632
What is the highest common divisor of 125290 and 3084378?
374
What is the greatest common divisor of 33 and 2116279?
11
Calculate the highest common factor of 16528835 and 230.
115
Calculate the greatest common divisor of 488672 and 512.
32
Calculate the greatest common divisor of 2584571 and 1639.
11
Calculate the greatest common divisor of 1845 and 9440127.
369
What is the greatest common divisor of 11 and 738134749?
11
Calculate the greatest common divisor of 226950 and 2212006.
3026
Calculate the greatest common divisor of 12602342 and 13684.
622
Calculate the highest common factor of 399 and 921464166.
399
Calculate the highest common factor of 39474165 and 17025.
3405
What is the highest common factor of 34762 and 70798?
182
What is the greatest common factor of 2735 and 421060?
5
Calculate the highest common divisor of 1805 and 1530.
5
What is the highest common factor of 1868454 and 6048?
378
Calculate the greatest common factor of 10880 and 3880.
40
What is the greatest common divisor of 62345 and 88615?
185
Calculate the highest common divisor of 5639166 and 8073.
351
Calculate the greatest common factor of 14000 and 4325.
25
Calculate the greatest common divisor of 67290585 and 1015.
145
Calculate the highest common divisor of 36553812 and 36.
12
What is the highest common divisor of 922 and 11309252?
922
Calculate the greatest common factor of 4375175 and 9170.
35
Calculate the highest common factor of 71967 and 19113.
69
Calculate the highest common divisor of 6 and 1773366.
6
Calculate the highest common factor of 326807 and 8372.
299
What is the greatest common factor of 404828593 and 12714?
2119
Calculate the highest common divisor of 3598004 and 8810.
1762
What is the greatest common factor of 513 and 421116?
57
What is the highest common divisor of 450945 and 2640?
165
Calculate the greatest common divisor of 8169 and 3582.
3
What is the highest common factor of 1115459 and 1603?
229
What is the greatest common factor of 439 and 1273399837?
439
What is the highest common divisor of 240596990 and 4280?
1070
What is the highest common divisor of 250 and 1076940?
10
What is the greatest common divisor of 4385954 and 2088323?
4757
Calculate the highest common divisor of 645 and 8768388.
129
What is the greatest common factor of 26246626 and 14?
14
What is the greatest common factor of 9115878 and 12?
6
Calculate the greatest common divisor of 6478 and 1093402186.
6478
What is the highest common factor of 888654 and 116532?
78
What is the greatest common factor of 13014 and 29795553?
6507
What is the greatest common factor of 15787005 and 33345?
3705
What is the greatest common divisor of 4945956 and 65586?
3858
What is the greatest common divisor of 103698 and 14238?
126
What is the greatest common factor of 179 and 238888209?
179
What is the greatest common factor of 780 and 17946180?
60
What is the greatest common divisor of 4653 and 52052688?
423
What is the greatest common factor of 2587 and 784259?
199
What is the highest common divisor of 104 and 1652274?
26
What is the highest common factor of 164757828 and 1830?
366
What is the highest common factor of 156095250 and 2250?
750
What is the highest common factor of 12702 and 15568418?
4234
Calculate the greatest common factor of 1131 and 174941.
13
What is the greatest common factor of 2662660 and 187460?
1820
Calculate the greatest common factor of 2715 and 37036763.
181
Calculate the greatest common divisor of 5882557 and 164.
41
Calculate the highest common factor of 336780 and 21960.
180
Calculate the highest common factor of 224220 and 39451509.
11211
Calculate the highest common divisor of 40 and 14360992.
8
Calculate the highest common divisor of 1799 and 29789641.
1799
What is the highest common factor of 453 and 5077073?
151
What is the greatest common factor of 1280473 and 19?
1
What is the greatest common factor of 261651 and 9750?
39
What is the highest common factor of 1534 and 1206362911?
767
What is the greatest common divisor of 2580 and 3202425?
645
Calculate the highest common factor of 8496 and 5129442.
18
What is the greatest common factor of 3400553 and 143?
13
What is the highest common factor of 325020 and 3015?
15
Calculate the greatest common divisor of 5664 and 2022520.
472
Calculate the highest common divisor of 808407 and 358344.
2133
Calculate the highest common divisor of 5576207 and 10179.
377
What is the highest common divisor of 36315668 and 632?
316
Calculate the highest common divisor of 3021565 and 80.
5
What is the greatest common factor of 4653 and 1075239?
99
Calculate the highest common factor of 503614923 and 483.
483
What is the highest common divisor of 1824 and 71371680?
96
Calculate the highest common factor of 1101705 and 2365.
55
What is the greatest common factor of 5911936 and 2048?
128
Calculate the greatest common divisor of 11436 and 83493.
3
Calculate the greatest common factor of 209 and 26578541.
11
Calculate the highest common divisor of 2078 and 102350851.
1039
What is the highest common divisor of 1114548 and 684?
12
Calculate the greatest common factor of 8439594 and 366.
366
What is the highest common divisor of 7659 and 2021421?
111
What is the highest common factor of 550084 and 57856?
452
Calculate the greatest common factor of 17265 and 9285.
15
Calculate the highest common factor of 3248 and 41417104.
464
What is the highest common divisor of 1613909 and 308?
11
What is the greatest common factor of 5123 and 4639276?
47
What is the greatest common factor of 471701208 and 8184?
8184
Calculate the highest common factor of 23760 and 4138695.
1485
Calculate the highest common factor of 16936 and 532904.
232
Calculate the highest common factor of 3213348 and 270206.
1618
What is the greatest common divisor of 7029 and 1704?
213
Calculate the greatest common factor of 2050014 and 354.
354
Calculate the highest comm